y(c) = 35*c + 1. Let m be y(0). What is x(m)?
-24
Suppose 5*b = c + 18, 2*b + 2 = c + 4*c. Let x = 9 - 7. Let q(h) = 8*h**2 - 5*h**2 - x*h**3 + 1 - 4*h + 1. Give q(c).
-10
Let p(c) = -8*c + c + 0*c + 11*c - 7*c**2. Let k(q) = 8*q**2 - 5*q. Let x(g) = 6*k(g) + 7*p(g). What is x(-3)?
-3
Suppose 5*p - 4*l - 50 = 19, -3*p + 41 = -2*l. Suppose -p - 12 = -5*x. Let i(n) = -n**2 + 5*n - 2. Give i(x).
-2
Let j(z) = 2*z - 9. Let u = -14 - -22. Suppose -3*t + 7*r - 4*r + 15 = 0, -t - 2*r = -u. What is j(t)?
3
Let m(v) = -v**3 - 9*v**2 - 3*v - 9. Let t be 3/(1 + (-28)/21). Give m(t).
18
Let c(w) = 5*w**2 - 24*w + 1. Let k(n) = 4*n**2 - 19*n + 1. Let o(t) = -3*c(t) + 4*k(t). Suppose 4*y - 8 = y + 4*r, 3*y + r - 13 = 0. Give o(y).
1
Let m(h) = -h. Let i(s) = -4*s + 2. Let c(o) = -2*i(o) + 7*m(o). Determine c(-2).
-6
Let o(v) = v**2 + 6*v - 6. Let r(f) = 11*f + 28. Let n be r(-3). Let w(g) = -3*g**2 - 21*g + 21. Let k(u) = n*w(u) - 18*o(u). Give k(2).
-15
Let i(n) = 3*n - 1. Let v be (-2 + 4/1)/(2/(-6)). Suppose -5*y = -5*c + 5, 7 + 6 = 4*c - y. Let x be v/c*(-16)/12. Calculate i(x).
5
Let x be (6 - (-1 - -1))*2. Let d = x + -4. Let f(j) = d*j + j**3 - 23*j**2 + 28*j**2 - 2*j**3 - 7. Calculate f(6).
5
Suppose -191 + 194 = 3*m. Let u(t) = -8*t**2 + 1. Give u(m).
-7
Let x(y) = -y**2 + 6*y + 7. Let u(f) = f**2 - 10*f + 26. Let k be u(6). Let v be (k - -9) + 4/(12/(-9)). What is x(v)?
-9
Let s(z) = -z**3 - 2*z**2 - 3*z - 2. Let f be -3 + (-5)/(-40)*0. Give s(f).
16
Suppose 0 = z + 21 - 11. Let t be 24/40 - 4/z. Let v(n) = 10*n**2 - n. Give v(t).
9
Let l(u) be the second derivative of -u**3/6 + 5*u**2/2 + 4*u. Let f be -2*22/8*-6. Let k be 138/f - 2/11. Calculate l(k).
1
Suppose j - 20 = -j. Let r(g) = g**2 - 12*g - 6. What is r(j)?
-26
Let l(m) be the second derivative of -m**5/20 - 7*m**4/12 + 5*m**3/3 + 5*m**2 - 373*m. What is l(-8)?
-6
Suppose -2*m = -5*m - 6. Let n be (-8)/(-6)*27/18. Let c(f) = 5*f**2 + 3 - 3*f**2 + 0*f**n + 3*f. Give c(m).
5
Let p be 55/19 - (-6)/57. Let x(y) be the third derivative of 0*y + 1/60*y**5 + 0 + 1/6*y**p - 5*y**2 + 1/6*y**4. Calculate x(-5).
6
Let v(k) = 7*k + 12. Let g(n) = -8*n - 13. Let m(p) = 5*g(p) + 6*v(p). What is m(-5)?
-3
Let b(l) = 4*l**2 - 2*l + 2. Suppose -3*n = -5 - 7. Suppose -27 = -n*r - 19. Calculate b(r).
14
Let i be (0 + 1)*(-6 - -1). Suppose 4*m + 24 = 4*a, 17*a - 23 = 12*a - 2*m. Let g(f) = -32*f**2 - a + 72*f**2 - 41*f**2 - 4*f. Calculate g(i).
-10
Let j = 188 + -125. Let u = 65 - j. Let w(n) = -n**3 + n**2 - 3*n + 2. What is w(u)?
-8
Let y(n) be the second derivative of n**2 + 0*n**3 + 0 - 31*n - 1/12*n**4. What is y(-2)?
-2
Let f(l) = 2*l + 2. Let g(p) = p**3 - 2*p**2 - 4*p - 11. Let b be g(4). Suppose -12 = 2*w - 5*w, 0 = -b*o + w - 29. Calculate f(o).
-8
Suppose -3*r - 20 = 2*r. Let l(s) = -s + 3. Let j(y) = 3. Suppose 0*t = 2*t - 4*p - 2, -4*t - 4*p = 20. Let q(x) = t*j(x) + 2*l(x). Give q(r).
5
Let l(s) be the third derivative of -s**4/8 - s**3 - 323*s**2. Calculate l(-12).
30
Let t(c) = -2*c**3 + c**2 + c - 1. Let g(r) = 7*r**3 - 2*r**2 - 3*r + 3. Let q(u) = -g(u) - 2*t(u). What is q(1)?
-3
Let g = -30 + 31. Let r(l) = l**3 - l**2 - 1. Let z(d) = 8*d**3 - d**2 - d - 2. Suppose 2*q + 6 = 5*q. Let u(t) = q*r(t) - z(t). What is u(g)?
-6
Let s(y) = -10*y**2. Let p be (6 - 2)/(2/36). Let m be 8/p + (-16)/(-18). Calculate s(m).
-10
Suppose 0 = -0*o + 4*o - 28. Let y(a) = -4 + 4*a - 6*a - 3. Let i(j) = 5*j + 21. Let h(p) = 3*i(p) + 8*y(p). Give h(o).
0
Let h(z) = -z + 1. Let g(d) = 2 - 2*d + 0*d - 4*d + 2. Let r = 14 + -9. Let x(n) = r*h(n) - g(n). Determine x(-1).
0
Let m(s) = s**2 + s - 3. Let f(t) = 6*t**2 - t + 7. Let x(c) = f(c) + 2*m(c). Calculate x(-1).
8
Let n(j) = 3*j - 7. Let d = 2785 - 2792. Give n(d).
-28
Suppose 0 = -3*z + 43 + 11. Suppose -z + 3 = -5*j + 5*h, 4 = 4*j + 4*h. Let p(n) = -2*n - 1. Calculate p(j).
-5
Let p be 8/6 - (-1)/(-3). Let o(h) be the first derivative of 7*h**5/60 + h**3/6 + 3*h**2/2 + 4. Let s(w) be the second derivative of o(w). What is s(p)?
8
Let m(h) = h**2 + 7*h - 5. Let x(d) = 11 + 2*d + 5 + 4*d + 0. Let z be x(-7). Let c be z/4 + 3/6. Determine m(c).
-11
Let x(w) be the first derivative of w**4/4 - 7*w**3/3 + 2*w**2 - w - 1. Let z = -78 - -30. Let q = -42 - z. What is x(q)?
-13
Let u(y) = -y**3 - 8*y**2 - y - 6. Let h be (7 + -3 - 1) + -2. Let p(s) = -8*s**2 + 2*s - 2. Let x be p(h). Give u(x).
2
Suppose -5*a + 14 = -3*s, -5*s - 10 + 0 = -5*a. Let d(q) = 6*q**3 + 2*q**2. Give d(s).
56
Let o(q) be the first derivative of -q**4 - 2*q**3/3 + q**2 - q - 3272. Let f be (-6)/(-4) - 1/2. Determine o(f).
-5
Let d be 14/(-7) - -1*4. Suppose i + 4 = d*n, 0 = -0*i - 4*i - 3*n - 16. Let t(y) = 3*y + 4. Calculate t(i).
-8
Let t(j) = j + 7. Let k be 0/(2 + -2 + -2). Suppose h + h = k. Let x be h/(-2)*(-1)/(-2). Give t(x).
7
Let t(x) = 3*x**2 + 2*x + 3. Let d be t(-2). Suppose -3*n - 1 = 2*z - d, -5*n - 5*z = -15. Let q(f) = f**2 - 5*f + 1. Give q(n).
-3
Suppose -v + 2*u = 3, 6*u = 4*v + 2*u - 8. Let y(k) = 3*k**2 + 18*k + 0*k**2 + k**2 - 5*k**2 + 6 - 12*k. What is y(v)?
-1
Suppose 50 = 5*a + 10. Let w(p) = -p**2 + 7*p + 9. Determine w(a).
1
Let k(h) = h**2 - 1. Let b(i) = 5*i**2 - 10. Suppose 0 = -32*d + 36*d - 4. Let n(a) = d*b(a) - 6*k(a). What is n(0)?
-4
Let p(s) = 6*s**2 + 30*s + 10. Let t(a) = a**2 + 6*a + 2. Let h(j) = -2*p(j) + 11*t(j). Let w be 2 - 1*(3 - 4). What is h(w)?
11
Let l(w) be the first derivative of w**4/4 - 2*w**3 - 4*w**2 + 3*w + 94. Give l(7).
-4
Suppose -3*a - 47 = f - 28, 5*f + 5*a + 55 = 0. Let q(w) = w**2 + 5*w - 8. Let j(u) = -u**2 - 5*u + 9. Let g(x) = 4*j(x) + 5*q(x). What is g(f)?
10
Suppose 0 = -27*y - 243 + 54. Let f(x) = x**2 + 8*x - 1. Determine f(y).
-8
Let s(q) = q**3 - 8*q**2 + 4*q - 7. Suppose 0 = 8*l + 17*l - 175. What is s(l)?
-28
Let b(g) be the third derivative of 1/24*g**4 + 0*g + 0*g**3 + 0 + 1/60*g**5 + g**2. Let w be 2 + (-4)/4 + (-80)/(-40). Calculate b(w).
12
Let d be 1 + 1 + -1 + 1. Let w = 16 + -13. Let y(m) = 0*m**3 - m**w + 5 + 6*m**d + 4*m**2 + 6*m - 5*m**2. Determine y(6).
5
Let u(v) be the third derivative of -v**8/20160 + v**7/1680 + v**6/240 + 3*v**5/20 + 8*v**2. Let q(f) be the third derivative of u(f). Give q(3).
3
Let t(s) = s**2 + 883 - 1781 - 10*s + 884. Give t(11).
-3
Let m(y) be the third derivative of -y**3 + 3*y**2 + 0*y + 1/120*y**5 + 5/24*y**4 + 0. Let s(w) be the first derivative of m(w). What is s(-3)?
2
Let o(m) = -m**2 - m + 1. Let r(i) be the third derivative of -i**5/60 - i**4/24 + i**3/3 + 25*i**2. Let n(p) = -5*o(p) + 4*r(p). Determine n(-4).
15
Let w = -2 - -2. Let t(r) = r**2 - 1656*r + 2 + 1656*r. Give t(w).
2
Let z(v) = -10*v**2 - 27*v - 48. Let r(w) = 7*w**2 + 18*w + 33. Let l(n) = 7*r(n) + 5*z(n). Give l(-9).
-9
Let l = -1046 + 1038. Let c(y) = 2*y + 3. Calculate c(l).
-13
Suppose -8*f - 21 + 117 = 0. Let u(g) = g**2 - 12*g + 6. What is u(f)?
6
Suppose -x = -11*x + 20. Let b(o) be the second derivative of 1/20*o**5 + 0 - 1/2*o**4 + 1/6*o**3 + 3/2*o**2 - x*o. What is b(6)?
9
Let d be 4 + ((-19)/(-57))/(1/(-3)). Let t(u) = u + 9. What is t(d)?
12
Let z(r) = -11*r - 12. Let g(h) = -25*h - 27. Let j(v) = -4*g(v) + 9*z(v). Let m = -9 + 13. Determine j(m).
4
Let r = 18 + -12. Suppose 2*m - r = 3*y + 5*m, -4 = -m. Let u(v) = 0*v**2 - 6*v - 4 - 2*v - v**2. Give u(y).
8
Let o(t) = -10*t - 2. Let h be o(-2). Let m = h - 19. Let p be 3 - (-5 - (m - 2)). Let y(a) = a**2 - 6*a + 6. Determine y(p).
1
Suppose 0 = -3*v - 13 + 40. Suppose h + o - 8 = -4, v = -3*h + 4*o. Let f(n) = 9*n - 1. Calculate f(h).
8
Let q(h) = 27*h - 28*h + 0 + 3. Let i = 10 + -5. Calculate q(i).
-2
Suppose -39*g + 34*g - 350 = 0. Let k = 77 + g. Let l(v) = -v**2 + 7*v + 9. Give l(k).
9
Let j(x) = -2*x - 14. Let s be j(-8). Let k(l) = -13*l**2 - 13*l**s + 2*l + 1 + l**3 + 27*l**2. Let y = 2 + -4. Give k(y).
-7
Let r = 51 - 49. Let l(j) = -r*j**3 + 5*j - 12 + 10 + j**3 + j**2. Give l(3).
-5
Let u(b) be the third derivative of b**7/840 - b**6/90 - b**5/120 - b**4/12 - 8*b**3/3 + 10*b**2. Let i(d) be the first derivative of u(d). What is i(4)?
-6
Let p(n) = 3*n + 0*n**2 - 4*n - n**2 - 4 + 3. Suppose 9 = 5*y - 2*y - 3*q, -5*q = -4*y + 13. Give p(y).
-7
Let f(o) = -8*o**2 - 5*o + 1. Let t(q) = -16*q**2 - 11*q + 2. Let y(h) = 7*f(h) - 3*t(h